)/(4/6)). Let l(i) = -i**3 + 11*i**2 - 11*i + 9. What is l(n)?
-1
Suppose 3*c + 4*a - 10 = 6*a, -5*c - 3*a + 23 = 0. Suppose 6 = c*u + 2*l + 2, -5*u + 8 = 4*l. Let n(r) = r**3 + 5. Calculate n(u).
5
Let a(b) be the third derivative of -b**6/120 - b**5/12 - b**4/8 - b**3/2 + b**2. Suppose -2*p + 16 = 2*p. Let y = -8 + p. Calculate a(y).
-7
Let z(v) = -2*v**3 - 4*v**2 - 5*v - 2. Let l be z(-2). Let y(p) = -p**2 + 9*p - 5. Calculate y(l).
3
Let h(q) = -6*q**2 - q - 1. Let p be h(-1). Let f(a) = a**2 + 6*a + 9. Determine f(p).
9
Let t = 8 - 5. Let z(q) = -2*q**2 + 4*q. Let d be z(t). Let v = d - -3. Let f(i) = -2*i - 2. Calculate f(v).
4
Let g(u) = 3*u**2 - 2*u. Let v be (-52)/(-10) + (-1)/5. Suppose -v*t - 3 = 4*i, 5*i + 5*t - 1 = -11. Let y(s) = s**2 + 6*s - 5. Let j be y(i). What is g(j)?
8
Let c(k) be the third derivative of 1/60*k**5 + 0 - 2/3*k**3 + 0*k + k**2 - 1/8*k**4. Let j(d) = d**3 + 7*d**2 + 6*d + 5. Let z be j(-6). Calculate c(z).
6
Let q = -10 + 3. Let b = -4 - q. Let o(s) = 2 - 2*s**b + 2*s**3 + s**3 + s. What is o(0)?
2
Let p(w) = w - 2. Let q be (-2)/(-7) - 40/(-7). Let d be p(q). Let j(c) = c**2 - d*c + 0*c + 3*c. Give j(2).
2
Let g(u) = 17*u**2 - 2 - 5*u**2 - 11*u**2 - 2*u. Give g(3).
1
Let i(b) = b**3 + 5*b**2 - 7*b - 4. Let u(y) = -y**2 - 6*y - 11. Let m be u(-5). Determine i(m).
2
Let u(x) be the third derivative of x**4/12 - x**3 + 2*x**2. Let w(d) = -d**3 + 6*d**2 + 8*d - 3. Let r = 10 - 3. Let f be w(r). Calculate u(f).
2
Let v(r) = -6*r**3. Let m be 260/300 + (-2)/(-15)*1. Give v(m).
-6
Let u = 0 - -4. Let s(r) = -3 + 2 + u*r + r**2 - 5. What is s(-6)?
6
Suppose 3*c = 6*c + 36. Let f = c + 5. Let p(r) = 6*r**2 - 6*r + 2. Let x(u) = -5*u**2 + 5*u - 2. Let b(z) = f*x(z) - 6*p(z). What is b(-3)?
-10
Let h(d) = 5*d. Let v be (0 - -3) + (-4)/2. Give h(v).
5
Let x(t) = 3*t + 4. Suppose 0 = j - 3*j + 16. Let m(f) = 9*f + 12. Let k(b) = j*x(b) - 3*m(b). What is k(-3)?
5
Let h(w) be the second derivative of -w**3/3 - w**2 - w + 5. Determine h(-5).
8
Suppose -4 = -3*o + 2. Suppose -o*a = 2*a + 24. Let l(c) = -c**2 - 4*c + 5. What is l(a)?
-7
Let x(q) = 2*q**3 - q**2 + q. Let m(w) = -3*w**3 - w. Let l(j) = -3*m(j) - 4*x(j). Calculate l(-2).
10
Let i(a) = 4 + 3*a**2 + 0 - 5*a - 2*a**2. Let c be (0 - 1 - -2)*-2. Let q = 1 - c. Determine i(q).
-2
Let s(g) = -6*g**2 - g - 1. Let o be s(-1). Let w(c) = -c**2 - 9*c - 9. Calculate w(o).
9
Let n(a) = -a + 1. Let r be 7 + (2/(-2) - 1). Let j(g) = g**2 + 13*g + 3. Let w be j(-13). Let z = r - w. Calculate n(z).
-1
Let y be ((-64)/(-40))/((-4)/(-10)). Suppose 4*n - 4*p = -4, y*n - 3*p - 2 = -10. Let z(f) = 5*f**2 + 1 + 7*f - f - 4*f**2. Determine z(n).
-4
Let i be ((-2)/4)/(4/(-40)). Let w(r) = 3*r**2 + 6*r - 2*r**2 - 1 + 3*r**2 - 5*r**2. What is w(i)?
4
Let t(f) = -f + 4. Suppose 18 = -5*s - 2*m, -4*m - 8 = 2*s - 3*m. Let w be ((-3)/s)/(1/2). Suppose 5*k - 3*o + 12 = 0, 4*k - w*k - o = -2. Calculate t(k).
7
Let a(k) be the third derivative of -k**6/120 + k**5/20 - k**4/12 + 4*k**2. Determine a(2).
0
Suppose 5*y - p - 12 = 0, -3*p = -2*y + y + 8. Let g(b) = -7*b**3 + 26 + 24 + 2*b**y - 51. Let o be (-4)/(-10) - 6/(-10). Calculate g(o).
-6
Let g(f) be the third derivative of 0 - 3*f**2 + 1/120*f**6 - 1/12*f**4 + 1/20*f**5 + 0*f + 1/3*f**3. What is g(-3)?
8
Let o = -2 - -2. Let l = o - 1. Let u(q) be the second derivative of q**4/12 + q**3/2 + q**2/2 + 14*q. Calculate u(l).
-1
Suppose 0*n - 30 = -5*n. Let m(p) = -6*p + n*p + 3 - 2*p - 5*p**2 - p**3. Determine m(-4).
-5
Let n(m) = 2*m - 1. Suppose 0 = -5*j + 1 + 4. What is n(j)?
1
Let a(v) = 3*v**2 - 3*v + 2. Let n be -3 + (2 - -1) + 1 + 1. Give a(n).
8
Let l(v) = v + 2. Let r be l(-1). Let q(m) = -4*m**2 + 1. Determine q(r).
-3
Let r = -2 + 2. Let q(a) be the third derivative of a**4/24 - a**3/6 - 5*a**2. What is q(r)?
-1
Let v(q) = q**3 + 5*q**2 + 4*q + 1. Let w(s) be the first derivative of -s**2/2 - 8*s - 1. Let l be w(-4). Give v(l).
1
Let n(z) = 7*z**3 - 8*z**2 + z - 8. Let s(b) = 3*b**3 - 4*b**2 - 4. Let u(q) = -2*n(q) + 5*s(q). Let r be 6/2 + 105/(-5). Let k = 22 + r. Determine u(k).
-12
Let f(m) be the second derivative of -m**5/20 - m**4/12 - 3*m**2/2 + 6*m. Give f(-3).
15
Suppose 3*n + 2 = 4*n. Let i(b) be the second derivative of -b**4/6 + b**3/2 - b**2/2 + 14*b - 8. What is i(n)?
-3
Let x(c) = -5*c**3 + 2*c**2 + c. Suppose 2*z + 3*f = f - 12, 7 = 3*z - 2*f. Calculate x(z).
6
Let z(w) = w**2 - w + 1. Let y be z(2). Let d be 2/(-9) - 2/(-9). Let t(f) = 7*f + d*f**3 + 4*f**2 - 3 + 2*f**3 - y*f**3. What is t(5)?
7
Let q(w) = -9*w**2 - 14*w + 2. Let r(d) = 8*d**2 + 13*d - 1. Let o(f) = 6*q(f) + 7*r(f). Give o(-4).
9
Let o = -47 + 47. Let r(l) = -l**2 + 0*l**2 - l - 1 + 2. Calculate r(o).
1
Let h be 0/1 + 0 + 1. Suppose 5*r + 32 = -28. Let y(f) = -f. Let m(w) = 3*w. Let x(a) = r*y(a) - 5*m(a). What is x(h)?
-3
Suppose 3*p - 22 + 10 = o, 3*o + 2*p - 8 = 0. Let v(m) = -m - 1. Let r(u) = 3*u + 3. Let q(t) = -6*r(t) - 17*v(t). What is q(o)?
-1
Let z(m) = -m**2 - 3*m + 2. Let k be 30/(-50) - (-26)/10. Calculate z(k).
-8
Let j(t) = 2*t + 0*t - 1 + t - 2*t. Calculate j(-6).
-7
Let w(i) = 20*i**2 + 9*i + 5. Let m(q) = 1 - 4*q**2 - 3*q**2 - 3*q - 3. Let u(t) = -17*m(t) - 6*w(t). What is u(-4)?
0
Let d(t) be the first derivative of 3*t**2/2 + 10*t + 29. Give d(-8).
-14
Suppose -11 = -10*n - 21. Let f(b) = -2 + 3 - 2 + 11*b. What is f(n)?
-12
Let k = -4 - -9. Let q(u) = -6*u**2 - 6 - k*u - 2*u**2 - u**3 + 2*u**2. Suppose r - 2 = -c + 2*c, c + 14 = -3*r. Give q(c).
-6
Let w(j) = -j**3 + 4*j**2 - 2*j. Let u be w(2). Suppose 15 = 3*o - i + u*i, -2*i = -5*o + 39. Let d(t) = t**3 - 6*t**2 - 5*t - 10. What is d(o)?
4
Let t be (-6 - -1)*(-12)/15. Let l(m) = 4*m - 4*m + 1 + t*m**2 + m. Let h be l(-1). Let x(w) = w**3 - 3*w**2 - 5*w + 5. What is x(h)?
1
Suppose 4*t = -0*t. Let b = 3 - 1. Let o(a) = -b + 7 + 8 - 3 - a. Determine o(t).
10
Let q(z) = 2*z**3 - 3*z**2 + z + 1. Suppose r + r = 0. Suppose -5*k - 5*u + 25 = r, 2*u - 1 + 5 = 5*k. What is q(k)?
7
Let j(z) be the third derivative of -z**7/840 + z**6/90 + z**4/8 + 5*z**3/6 + 2*z**2. Let y(n) be the first derivative of j(n). Give y(4).
3
Let g(v) = v**2 - 18*v - 1. Let z be g(18). Let y(x) = -3*x**2 + x. Calculate y(z).
-4
Suppose 4*y - y = 9. Suppose 0 = -2*o - 3*r + 25, 3*o - 2*o = -y*r + 20. Let a(q) = q**2 - 6*q - 3. Give a(o).
-8
Let g be (2 + 0)/((-6)/(-9)). Let a(x) = 0*x**3 + 3*x**3 + 2 - 5*x - 4*x**g + 0*x**2 + 4*x**2. Give a(3).
-4
Let x(v) = -v**2 + 7*v - 2. Let g be x(7). Let n(u) be the second derivative of u**3/3 + u**2/2 - u. Calculate n(g).
-3
Let y(q) = 5*q**3 - 23*q**2 + 11*q - 7. Let x(t) = 2*t**3 - 11*t**2 + 6*t - 3. Let p(k) = 7*x(k) - 3*y(k). Calculate p(-9).
0
Let k(m) = -2*m**2 - 2*m + 5. Let f(u) = u + 1. Suppose 6*s - s - 10 = 0. Suppose 4*b - s = 2. Let z(h) = b*k(h) - f(h). What is z(-3)?
-5
Let t(v) = -v**3 - 4*v**2 - 4*v + 1. Let k(a) = -a**2 + 6*a - 4. Let i be (-26)/(-6) + (-1)/3. Let p be k(i). Let n be -1*p*(-6)/(-8). Calculate t(n).
4
Let r(k) = 2*k**2 + 3*k + 3. Suppose -4*l = 5*a - 17, -3*l - l - 2*a + 2 = 0. Give r(l).
5
Suppose -2*h - 1 = -9. Suppose r = 3*d - 4*r - 5, -4*d = -h*r - 4. Let t(x) = -x**3 + x - 5. Calculate t(d).
-5
Let j(l) be the first derivative of -l**3/3 - l**2 - 3. What is j(-3)?
-3
Let u = -7 - -12. Suppose -n - 4 = 0, u*n = 4*a - 13 - 15. Let x(q) = 0 + 2 - 3 + 3*q**a. What is x(1)?
2
Let a(t) = -4*t - 7. Let l(c) = 11*c + 20. Let y(j) = -17*a(j) - 6*l(j). Determine y(2).
3
Let x(q) = q. Let r(b) = 2*b**2 - 4*b - 3. Let a(g) = r(g) + 6*x(g). Let z = 8 - 9. Let c be ((-1)/(-2))/(z/6). Determine a(c).
9
Let g(o) = o**3 + o**2 - o - 1. Suppose 0 = -5*k - 7 - 3. Calculate g(k).
-3
Let n(t) be the second derivative of t**3/6 - 11*t**2/2 + 4*t + 2. Give n(5).
-6
Let u be (-2)/2*(-3)/1. Let i(r) be the third derivative of -r**4/8 + r**3/3 - 19*r**2. Determine i(u).
-7
Let w(p) be the first derivative of -9*p**4/4 - p**3/3 + p**2 - 6*p - 6. Let r(z) = z**3 - 1. Let q(v) = 5*r(v) - w(v). What is q(1)?
14
Let i(g) = 7*g - 38. Let x be i(6). Let w(j) = -j**2 + 3*j + 5. Determine w(x).
1
Let f = -6 + 1. Let l(t) be the first derivative of -t**4/4 - 4*t**3/3 + 7*t**2/2 + t + 52. Determine l(f).
-9
Let f(u) be the second derivative of 0 + 0*u**3 + 2*u -